{"id":360,"date":"2015-10-20T14:59:26","date_gmt":"2015-10-20T12:59:26","guid":{"rendered":"http:\/\/freshquality.pl\/?page_id=360"},"modified":"2017-09-17T20:58:06","modified_gmt":"2017-09-17T18:58:06","slug":"i-zjazd-fresh-quality-academy","status":"publish","type":"page","link":"https:\/\/freshquality.pl\/?page_id=360","title":{"rendered":"I Zjazd 14-16.10.2015 Ocypel"},"content":{"rendered":"<p>W dniach 14-16.10.2015 odby\u0142 si\u0119 pierwszy zjazd FRESH QUALITY ACADEMY w miejscowo\u015bci Ocypel.<\/p>\n<p><!--more--><\/p>\n<p>Celem spotkania by\u0142o podniesienie profesjonalizmu kontroler\u00f3w jako\u015bci handlowych \u015bwie\u017cych owoc\u00f3w i warzyw z sieci handlowych, firm handlowych, grup producenckich.<\/p>\n<p>Tematy, jakie by\u0142y poruszone na spotkaniu to:<br \/>\n\u2013 \u201eCytrusy przed sezonem\u201d \u2013 od wyk\u0142adowcy dowiedzieli\u015bmy si\u0119, jak\u0105 drog\u0119 pokonuj\u0105 owoce od drzewa cytrusowego do ostatecznego klienta w sklepie, jak wygl\u0105da proces odzieleniania owoc\u00f3w, oraz jak mierzymy zawarto\u015b\u0107 soku w owocach i kwasowo\u015b\u0107. (wyk\u0142adowca Marcin Pala Daifressh)<\/p>\n<p>\u2013 \u201eWszystko o bananach nie tylko zielonych\u201d \u2013 poznali\u015bmy w jaki spos\u00f3b s\u0105 zbierane banany w Ekwadorze, potem ich podr\u00f3\u017c morsk\u0105 do Europy, nast\u0119pnie proces dojrzewania. Poznali\u015bmy najcz\u0119\u015bciej spotykane wady i uszkodzenia tych owoc\u00f3w oraz przyczyny ich powstawania. (wyk\u0142adowca Eugeniusz Maziarka Citronex)<\/p>\n<p>\u2013 \u201eOwoce egzotyczne\u201d \u2013 dowiedzieli\u015bmy si\u0119 jak rosn\u0105, jak wygl\u0105da proces dojrzewania, oraz z jakimi wadami mo\u017cemy si\u0119 spotka\u0107 kontroluj\u0105c takie owoce jak mango, avocado, kaki czy liczi. (wyk\u0142adowca Beata Piega Univeg Trade Poland)<\/p>\n<p>\u2013 \u201eOdmiany jab\u0142ek i gruszek\u201d \u2013 poznali\u015bmy charakterystyczne cechy odmian jab\u0142ek i gruszek najcz\u0119\u015bciej spotykanych w handlu. (wyk\u0142adowca Anna Boniecka Fresh Quality)<\/p>\n<p>\u2013 \u201eProblemy jako\u015bciowe \u015bwie\u017cych owoc\u00f3w i warzyw po ekstremalnych warunkach pogodowych w tym sezonie\u201d \u2013 om\u00f3wiono problemy z jakimi mo\u017cemy spotka\u0107 si\u0119 w tym sezonie, nauczyli\u015bmy si\u0119 miedzy innymi jak rozr\u00f3\u017cni\u0107 pasternak od pietruszki, jak wa\u017cne jest krojenie owoc\u00f3w podczas kontroli, poruszone zosta\u0142y przyczyny wyst\u0119powania szklisto\u015bci mi\u0105\u017cszu w jab\u0142kach, czy suchej zgnilizny w pomidorach.(wyk\u0142adowca Krystyna Szyma\u0144ska Fresh Quality).<\/p>\n<p>Na warsztatach zmierzyli\u015bmy zawarto\u015b\u0107 soku, ekstraktu, oraz stosunek kwasu do cukru w klementynkach.<\/p>\n<p>Dodatkowo przygotowano pr\u00f3bki i \u00a0wszyscy mieli mo\u017cliwo\u015b\u0107 zobaczenia r\u00f3\u017cnic mi\u0119dzy odmianami jab\u0142ek i gruszek, spr\u00f3bowania tych odmian. Dla ch\u0119tnych by\u0142 konkurs podczas kt\u00f3rego uczestnicy na podstawie wygl\u0105du i smaku pr\u00f3bek rozr\u00f3\u017cniali odmiany jab\u0142ek.<\/p>\n<p>Pr\u00f3bki przygotowa\u0142y firmy Applex i Go\u017alin Sad, a nagrody na konkursie firma Go\u017alin Sad.<\/p>\n<p>Nale\u017cy podkre\u015bli\u0107, \u017ce wyk\u0142adowcami s\u0105 specjali\u015bci praktycy z du\u017cym do\u015bwiadczeniem w tej bran\u017cy.<\/p>\n<p>W czasie wolnym, mogli\u015bmy dowiedzie\u0107 si\u0119 troszk\u0119 o tradycjach regionu Kociewie w Izbie Regionalnej w Ocyplu, oraz podczas wyst\u0119pu zespo\u0142u regionalnego \u201eLubichowskie Kociewiaki\u201d.<\/p>\n<p>Na zako\u0144czenie zjazdu, wszyscy uczestnicy otrzymali \u015bwiadectwo uczestnictwa i zapewnienie o kontynuacji FRESH QUALITY ACADEMY.<\/p>\n<p><img loading=\"lazy\" decoding=\"async\" class=\"aligncenter size-full wp-image-353\" src=\"https:\/\/freshquality.pl\/wp-content\/uploads\/2017\/09\/IMG_7894.jpg\" alt=\"\" width=\"1024\" height=\"683\" srcset=\"https:\/\/freshquality.pl\/wp-content\/uploads\/2017\/09\/IMG_7894.jpg 1024w, https:\/\/freshquality.pl\/wp-content\/uploads\/2017\/09\/IMG_7894-300x200.jpg 300w, https:\/\/freshquality.pl\/wp-content\/uploads\/2017\/09\/IMG_7894-768x512.jpg 768w\" sizes=\"auto, (max-width: 1024px) 100vw, 1024px\" \/><img loading=\"lazy\" decoding=\"async\" class=\"aligncenter size-full wp-image-354\" src=\"https:\/\/freshquality.pl\/wp-content\/uploads\/2017\/09\/IMG_7871.jpg\" alt=\"\" width=\"1024\" height=\"683\" srcset=\"https:\/\/freshquality.pl\/wp-content\/uploads\/2017\/09\/IMG_7871.jpg 1024w, https:\/\/freshquality.pl\/wp-content\/uploads\/2017\/09\/IMG_7871-300x200.jpg 300w, https:\/\/freshquality.pl\/wp-content\/uploads\/2017\/09\/IMG_7871-768x512.jpg 768w\" sizes=\"auto, (max-width: 1024px) 100vw, 1024px\" \/><img loading=\"lazy\" decoding=\"async\" class=\"aligncenter size-full wp-image-355\" src=\"https:\/\/freshquality.pl\/wp-content\/uploads\/2017\/09\/IMG_7919.jpg\" alt=\"\" width=\"1024\" height=\"683\" srcset=\"https:\/\/freshquality.pl\/wp-content\/uploads\/2017\/09\/IMG_7919.jpg 1024w, https:\/\/freshquality.pl\/wp-content\/uploads\/2017\/09\/IMG_7919-300x200.jpg 300w, https:\/\/freshquality.pl\/wp-content\/uploads\/2017\/09\/IMG_7919-768x512.jpg 768w\" sizes=\"auto, (max-width: 1024px) 100vw, 1024px\" \/><img loading=\"lazy\" decoding=\"async\" class=\"aligncenter size-full wp-image-356\" src=\"https:\/\/freshquality.pl\/wp-content\/uploads\/2017\/09\/IMG_8029.jpg\" alt=\"\" width=\"1024\" height=\"683\" srcset=\"https:\/\/freshquality.pl\/wp-content\/uploads\/2017\/09\/IMG_8029.jpg 1024w, https:\/\/freshquality.pl\/wp-content\/uploads\/2017\/09\/IMG_8029-300x200.jpg 300w, https:\/\/freshquality.pl\/wp-content\/uploads\/2017\/09\/IMG_8029-768x512.jpg 768w\" sizes=\"auto, (max-width: 1024px) 100vw, 1024px\" \/><img loading=\"lazy\" decoding=\"async\" class=\"aligncenter size-full wp-image-357\" src=\"https:\/\/freshquality.pl\/wp-content\/uploads\/2017\/09\/IMG_8040.jpg\" alt=\"\" width=\"1024\" height=\"683\" srcset=\"https:\/\/freshquality.pl\/wp-content\/uploads\/2017\/09\/IMG_8040.jpg 1024w, https:\/\/freshquality.pl\/wp-content\/uploads\/2017\/09\/IMG_8040-300x200.jpg 300w, https:\/\/freshquality.pl\/wp-content\/uploads\/2017\/09\/IMG_8040-768x512.jpg 768w\" sizes=\"auto, (max-width: 1024px) 100vw, 1024px\" \/><img loading=\"lazy\" decoding=\"async\" class=\"aligncenter size-full wp-image-358\" src=\"https:\/\/freshquality.pl\/wp-content\/uploads\/2017\/09\/IMG_8001.jpg\" alt=\"\" width=\"1024\" height=\"683\" srcset=\"https:\/\/freshquality.pl\/wp-content\/uploads\/2017\/09\/IMG_8001.jpg 1024w, https:\/\/freshquality.pl\/wp-content\/uploads\/2017\/09\/IMG_8001-300x200.jpg 300w, https:\/\/freshquality.pl\/wp-content\/uploads\/2017\/09\/IMG_8001-768x512.jpg 768w\" sizes=\"auto, (max-width: 1024px) 100vw, 1024px\" \/><\/p>\n","protected":false},"excerpt":{"rendered":"<p>W dniach 14-16.10.2015 odby\u0142 si\u0119 pierwszy zjazd FRESH QUALITY ACADEMY w miejscowo\u015bci Ocypel.<\/p>\n","protected":false},"author":2,"featured_media":0,"parent":147,"menu_order":1,"comment_status":"closed","ping_status":"closed","template":"","meta":{"footnotes":""},"class_list":["post-360","page","type-page","status-publish","hentry"],"_links":{"self":[{"href":"https:\/\/freshquality.pl\/index.php?rest_route=\/wp\/v2\/pages\/360","targetHints":{"allow":["GET"]}}],"collection":[{"href":"https:\/\/freshquality.pl\/index.php?rest_route=\/wp\/v2\/pages"}],"about":[{"href":"https:\/\/freshquality.pl\/index.php?rest_route=\/wp\/v2\/types\/page"}],"author":[{"embeddable":true,"href":"https:\/\/freshquality.pl\/index.php?rest_route=\/wp\/v2\/users\/2"}],"replies":[{"embeddable":true,"href":"https:\/\/freshquality.pl\/index.php?rest_route=%2Fwp%2Fv2%2Fcomments&post=360"}],"version-history":[{"count":3,"href":"https:\/\/freshquality.pl\/index.php?rest_route=\/wp\/v2\/pages\/360\/revisions"}],"predecessor-version":[{"id":387,"href":"https:\/\/freshquality.pl\/index.php?rest_route=\/wp\/v2\/pages\/360\/revisions\/387"}],"up":[{"embeddable":true,"href":"https:\/\/freshquality.pl\/index.php?rest_route=\/wp\/v2\/pages\/147"}],"wp:attachment":[{"href":"https:\/\/freshquality.pl\/index.php?rest_route=%2Fwp%2Fv2%2Fmedia&parent=360"}],"curies":[{"name":"wp","href":"https:\/\/api.w.org\/{rel}","templated":true}]}}